5*u = v*g - 980, -5*u + 101 = 4*g - 682. List the prime factors of g.
197
Let y = -117 + 202. Let a(f) = -f**3 - 29*f**2 + 4*f + 84. Let t be a(-29). Let c = y + t. List the prime factors of c.
53
Let u(t) = -t**2 + 4*t. Let w be u(4). Suppose -a - 524*s + 527*s - 258 = 0, 4*a - 3*s = -1005. Let l = w - a. What are the prime factors of l?
3, 83
What are the prime factors of ((-15)/(150/(-1615)))/((-1)/(-4*37))?
2, 17, 19, 37
Suppose -376*n - m + 66001 = -372*n, n + 2*m - 16495 = 0. List the prime factors of n.
29, 569
Let w(m) be the first derivative of m**4/4 - 2*m**3/3 - 5*m**2/2 + m - 38. Let g be w(4). Suppose -x = -5*k - 1 - g, 5*x - k = 190. List the prime factors of x.
3, 13
What are the prime factors of 1 - (7 + -4) - -6 - -7010?
2, 3, 7, 167
Suppose 0 = 5696*v - 5714*v + 160542. What are the prime factors of v?
3, 991
Let i(v) = -179*v - 1626. List the prime factors of i(-31).
3923
Let f = 450 - -6774. List the prime factors of f.
2, 3, 7, 43
Suppose 2*g - 33*z - 20042 = -29*z, 5*g + z = 50039. List the prime factors of g.
10009
Let h = 4415 + -535. Suppose o + h = 5*m, 12*m + 2*o = 10*m + 1552. List the prime factors of m.
2, 97
Let d = 81 - 79. Suppose -5*f - 178 = -d*y - 2*y, 0 = 3*y + 4*f - 149. List the prime factors of y.
47
Suppose 4*j + 0*x + 80 = 2*x, -3*x + 82 = -4*j. Let q(c) = c**3 + 20*c**2 - 6*c + 1. List the prime factors of q(j).
2, 7, 17
Suppose 0*o - 2*o + 2*h - 8116 = 0, 5*o + 20282 = 3*h. Let m be o/(-10) + 24/40. Suppose -p = d - 95, -3*d - 2*p = -m + 120. List the prime factors of d.
2, 3
Let x = 1 + 3. Suppose 2022 = -2*m + 4*v + 5586, -x*v = -4*m + 7148. Suppose -4*o - 4*o = -m. What are the prime factors of o?
2, 7
Let p = -6596 + 14049. List the prime factors of p.
29, 257
What are the prime factors of 22669/1 + (-34)/(-34)?
2, 5, 2267
Suppose -42*j - 12 = -44*j. Suppose j*n + 180 - 1218 = 0. List the prime factors of n.
173
Let p(k) = -k**2 + 6*k + 2. Suppose -4*j - i = -19, -4*i - 44 = -3*j - j. Let b be p(j). Suppose 0 = q - b*q + 7. What are the prime factors of q?
7
Let u be 8*5/20*40. Suppose -5*q - 95 = -4*b, -3*q + u = 3*b + 2. What are the prime factors of b?
5
Suppose v - 42 = -5*x, -4*v = 4*x - 3*v - 34. Let t be (1 + (-3)/2)*(x - 6). List the prime factors of t - -94 - (2 - 1).
2, 23
Let l be 0/(-3*(-4 + 3)). Suppose -5*m - 6*d + 3*d - 15 = l, -3*m - 15 = 3*d. Suppose 4*y + 2*k - 60 = m, -2*y + 7*y - 105 = 5*k. List the prime factors of y.
17
Let s be (-2 - 0 - -5) + 94. Let i(m) = -3*m**2 + 10*m**2 - s + 113 + 4*m. List the prime factors of i(-5).
3, 19
Suppose -4800 = 25*r - 33*r. List the prime factors of r.
2, 3, 5
Suppose -3*t - 1 = 11, t = -5*q + 21. Suppose -5*g = -3*f + 4, -g - q = -2*f - 0*f. Let b(r) = 25*r + 11. What are the prime factors of b(f)?
2, 43
Let j = 3175 - 2461. List the prime factors of j.
2, 3, 7, 17
Suppose -65*a + 77*a - 59796 = 0. What are the prime factors of a?
3, 11, 151
List the prime factors of (-13 - (-6140)/1) + 14.
3, 23, 89
What are the prime factors of (-100425224)/(-12454) + (-8)/(-26)?
2, 3, 7
Suppose -6515 - 2525 = -20*r. Suppose 5*x + 3*t - r = 0, -4*t + 453 = 5*x - 2*t. What are the prime factors of x?
7, 13
Suppose -12*c = -6*c - 5364. Suppose -j = -3*l + 432, -c = -5*l + 2*j - 175. List the prime factors of l.
5, 29
Let n = 191 - 109. Suppose -n*j = -93*j + 2255. List the prime factors of j.
5, 41
Suppose -5*g - 7*d = -6*d, 4*g = 3*d. Suppose g = 8*z - 3165 + 557. What are the prime factors of z?
2, 163
Suppose 5*j = -3*v + 25767, -18*j + 23*j = 2*v - 17153. What are the prime factors of v?
2, 29, 37
Suppose -d - 2*i = 5 + 4, 0 = 5*d + 3*i + 10. Suppose k + 4*t - 10 = -26, 2*k - 3*t - 1 = 0. List the prime factors of (-1 - -2)/d + k + 95.
2, 23
Let v(n) = 2*n**2 + 18*n + 26. Let u be v(-11). Let f = u - 85. Let m = 15 - f. List the prime factors of m.
2, 3, 5
Let w be 9 + 12/(-2) + (1 - -26). Suppose -w*p = -24789 + 5499. List the prime factors of p.
643
List the prime factors of ((-2848958)/28)/7*-2.
7, 4153
Let u be ((-16)/(-12))/(1*6/5139). Let k = u - 549. List the prime factors of k.
593
What are the prime factors of (-45 - 1)*(-22)/33*993?
2, 23, 331
Let u(g) = 28*g**2 - 39*g - 132. What are the prime factors of u(-16)?
2, 5, 383
Let m(r) = 3*r + 3. Let d be m(-3). Let o be -12*(-18)/12*(-2)/d. Suppose f - 1449 = -o*f. What are the prime factors of f?
3, 23
Let q(v) be the second derivative of -194*v**3 + 2*v**2 - 4*v. Let s be q(2). What are the prime factors of (s/(-98))/((-2)/(-14))?
2, 83
Let l = -192 - -196. Suppose -5*n = -l*n - 263. What are the prime factors of n?
263
Let k be 2/9 + (-4)/18. Let m be 79*(4 - 3) - k. Suppose -f + m = -76. What are the prime factors of f?
5, 31
Let d = 0 - 1. What are the prime factors of 54 - (6 + d) - (-2 + -2)?
53
Let u(g) = 280*g**3 + 3*g**2 + 10*g + 7. Let j be u(-1). List the prime factors of (-195520)/j - 2/7.
2, 349
Suppose 65*y = 88*y - 23575. Suppose -17*j + 2001 = -y. List the prime factors of j.
2, 89
Let o be ((-2)/(-6))/(4/60). Suppose -o*y + 35 = 2*y. Suppose 3*k = -v + k + 58, 5*k = y. List the prime factors of v.
2, 7
Let y = -94 + 94. Suppose y = -f + 5*p + 411, 498 = 2*f - 5*p - 349. What are the prime factors of f?
2, 109
Let j(g) = -2*g**3 + 39*g**2 - 43*g - 82. List the prime factors of j(15).
2, 11, 59
Suppose 6*n + 5*l + 71 = 10*n, -l = 2*n - 25. Suppose -4016 = -2*v - n*v. List the prime factors of v.
251
Let w = -17 + 68. Suppose -w*j = -53*j + 4. Suppose -2*f - j*m + 14 = -130, 4*f - 289 = -3*m. List the prime factors of f.
73
What are the prime factors of ((-134)/(-201))/(2/3735)?
3, 5, 83
Let p = -2165 + 3629. Let z = -988 + p. What are the prime factors of z?
2, 7, 17
Suppose -n - 2115 = -4*n. Suppose -5*p = 3*c + c - 120, 5*c + 2*p = 133. What are the prime factors of 15/c*(-4)/((-12)/n)?
3, 47
Let o(m) be the first derivative of m**4/4 + 9*m**3 - 29*m**2/2 + 90*m - 109. List the prime factors of o(-27).
3, 97
Let v = -160 - -160. Suppose -y + v*y + 324 = 3*g, 6 = -2*y. List the prime factors of g.
109
Suppose 5*w = 10, 0 = 4*h + 10*w - 5*w - 77254. What are the prime factors of h?
3, 41, 157
Let c = 28 - -62. List the prime factors of (-204)/9*c/(-12).
2, 5, 17
Let r = -2078 + 11465. List the prime factors of r.
3, 7, 149
Let a(j) = j - 3. Let n be a(3). Let d be (-43)/(-2) + (-1)/(n - 2). Suppose 2*z - d = -5*v, 4*z + 0*v = -v + 62. What are the prime factors of z?
2
Let h = 1171 - 831. Let b = -185 + h. What are the prime factors of b?
5, 31
Let u(h) be the first derivative of h**3/3 + 13*h**2/2 + 18*h - 2. Let j be u(-12). Let x(z) = -z**3 + 6*z**2 + z + 2. What are the prime factors of x(j)?
2
Suppose -125*i = -104*i - 50652. What are the prime factors of i?
2, 3, 67
Let y(f) = -10*f - 46. Let h be y(-5). Suppose -h*m + 737 = 3*t, -119 = -3*t + 3*m + 583. What are the prime factors of t?
239
Let y be 886/4 + (-3)/(-6). Suppose 0 = -2*p - 10, i - 42*p - 20 = -39*p. Suppose y = 2*o - 4*t, 6*t + 510 = i*o + 5*t. List the prime factors of o.
101
Let v(z) = 3*z**2 + 15*z - 9. Let q be v(-12). Let l = q - 127. Suppose 0 = -4*u - 0*u + 3*m + 457, -u - m + l = 0. List the prime factors of u.
5, 23
Let z(t) = -205*t + 86. Suppose 0 = 2*w + v + 7, -4*w - 6 = v + 13. What are the prime factors of z(w)?
2, 7, 47
Let l(j) = -12*j**3 + 15*j**2 + 168*j - 23. List the prime factors of l(-9).
2, 7, 43
Let v = -117340 + 80122. Let s be 3/6 + v/(-12). Suppose -18*q - 240 = -s. List the prime factors of q.
3, 53
Suppose -4*a + 165134 = 5*v, 0 = 4*v + a - 30253 - 101852. List the prime factors of v.
2, 7, 337
Let v(a) = 2*a + 0*a**2 + 4*a**3 + a**2 + 5 + 0*a**3 + 11*a**3. What are the prime factors of v(3)?
5, 17
Suppose -3*j = 2*j - 6*j. Suppose 17*k + 2731 - 19816 = j. What are the prime factors of k?
3, 5, 67
Suppose 0 = n - 5*n + 196. Let g = n + -51. What are the prime factors of (-200)/(-16) - (-1)/g?
2, 3
Let p = -18 + 5. Let o(k) = -k. Let f be o(p). Suppose 0 = -f*m + 10*m + 405. What are the prime factors of m?
3, 5
Let v = -40 + 30. Let j(n) = -n**3 - 8*n**2 + 2*n - 20. Let t be j(v). Suppose -2*b + t = -0*b - 4*u, -4*b + 312 = -4*u. What are the prime factors of b?
2, 19
Suppose 0 = 2*l - l - 10. Let o(d) = -d**2 + 8*d + 6. Let f be o(l). List the prime factors of 699/15 + f/(